r of 80 and q?
10
Let k be 1/((6 - 124/20)/(-31)). Calculate the highest common factor of 10 and k.
5
Suppose 4*h + f = -h + 14, 2*f = 5*h - 2. Let p be -20*63/(-15)*h. Let c = 30 - 9. What is the greatest common factor of p and c?
21
Let z = 111 - -24. Suppose -2*l + 0*l + 2 = -3*w, 0 = -3*w + l + 2. Suppose w*g - 110 = -f, -g + 0*f = f - 56. Calculate the greatest common divisor of g and z.
27
Let j(p) = -p**3 - 4*p**2 + 2*p - 6. Let n be j(-4). Let k = 24 + n. Calculate the highest common factor of k and 2.
2
Let k(n) = -n**3 - 7*n**2 - 8*n + 14. Let a be k(-6). What is the highest common divisor of 338 and a?
26
Let q(j) be the third derivative of j**5/30 - j**4/12 + 2*j**3/3 - 2*j**2. Let v be q(4). Let d = 53 - v. Calculate the greatest common divisor of d and 5.
5
Let f = -15 + 27. Let z = 0 - -6. Let j = -2 + z. What is the highest common factor of j and f?
4
Let u be (-405)/(-18)*150/36*20. Calculate the greatest common divisor of u and 15.
15
Suppose 299*g = 303*g + 2*b - 264, -3*g + 212 = 5*b. Calculate the highest common factor of g and 44.
4
Suppose 5*x + 2*v - 1 = 3*v, -x + v = -1. Suppose x = 2*b - 76 - 44. Calculate the highest common factor of 15 and b.
15
Let r be (-7 + 75/9)*24. What is the highest common divisor of r and 200?
8
Let v(s) = 2*s + 45. Let n be v(-5). What is the greatest common divisor of n and 245?
35
Let i = -560 - -819. What is the highest common factor of i and 7?
7
Suppose 8*t + 0*t - 24 = 0. Suppose 6*n - t*n = 24. What is the highest common factor of 56 and n?
8
Let h(o) = -7*o - 27. Let d be h(-7). What is the greatest common factor of d and 506?
22
Let w = -4 - -8. Let x = w - -8. Suppose -2*f = 3*q - 204, f + f - 2*q - 184 = 0. What is the greatest common divisor of f and x?
12
Suppose 4*b + 780 = 9*b. What is the greatest common factor of 12 and b?
12
Let r be (3/3)/((-2)/(-4)). Suppose -2*s = -0*d + 4*d + 8, -5*d = 15. Let f be 3 + -3 - s - -4. Calculate the greatest common divisor of r and f.
2
Suppose -21289 + 3649 = -20*z. Calculate the highest common divisor of 18 and z.
18
Suppose -18*v = -23*v + 65. What is the highest common divisor of 117 and v?
13
Let i = -45 - -65. Let z = -1433 - -1463. What is the greatest common divisor of i and z?
10
Let m = -43 - -259. Calculate the highest common factor of 9 and m.
9
Let w = 6 - 3. Suppose 212 = w*q + 74. Let i be ((-115)/15)/(1/(-3)). What is the greatest common factor of q and i?
23
Let t(f) = 16*f**2 - 37*f + 54. Let a be t(2). Let c(p) = -p - 1. Let y be c(-5). What is the highest common factor of a and y?
4
Let j be (0 - -3)*(-8)/(-3 + 2). What is the greatest common factor of 60 and j?
12
Let m(r) = -r**3 + 16*r**2 - 18*r + 7. Let g be m(15). Let z = 61 + g. Let c be (z - -2)*1 - 3. Calculate the highest common divisor of 22 and c.
22
Suppose 2*f = -2*l + 12, -3*l = f - l - 9. Let a = f - -4. What is the greatest common factor of a and 77?
7
Let l be -1*(-44136)/45 + 4/20. What is the greatest common divisor of 218 and l?
109
Suppose -r - r + 6 = 0. Suppose r*d - 78 = d. Let i(q) = -5*q + 156. Let h be i(26). What is the highest common divisor of h and d?
13
Suppose -8*b - 7 = -39. Let m be (-184)/(-7) + b/(-14). What is the greatest common divisor of 234 and m?
26
Let y(s) = s**2 + 2*s + 1. Let u be y(-4). Let b be -3 - (-1 + 164/(-2) + 0). Let r = b + -77. What is the highest common factor of r and u?
3
Let p(z) = 208*z**2. Let j be p(1). Let t(b) = -b**3 - 7*b**2 + 15*b - 11. Let h be t(-9). What is the highest common factor of j and h?
16
Suppose -3*i - 929 = 2*d - 6*d, -5*d = i - 1185. Calculate the highest common divisor of d and 59.
59
Suppose -4*x - 5*g = 33 - 148, -26 = -x - 4*g. What is the greatest common divisor of 45 and x?
15
Let b(m) = 4*m**3 + 49*m**2 + 37*m - 18. Let d be b(-10). Calculate the highest common factor of d and 48.
16
Let t(z) = z + 5*z - 26 - 2*z**3 + 29 - 5*z**2. Let l be t(-5). Suppose 62 = d + 5*c, c - l = -2*d + 4*c. Calculate the highest common factor of d and 13.
13
Let d(z) = -21*z. Let s be d(-6). Suppose -j - s = -2*j. Let p = 178 - j. What is the highest common factor of 78 and p?
26
Suppose 17*h + 27 = 26*h. What is the highest common divisor of 24 and h?
3
Suppose 0 = -5*k + 2*b + 103, -2*b = 3*k + 19 - 68. Suppose -5*n + 228 = -2*n. What is the greatest common divisor of n and k?
19
Let q = 184 - -5. Let n(d) = -3*d - 11. Let a be n(19). Let p = a + 89. What is the greatest common divisor of q and p?
21
Suppose -4*k + 675 = 3*n, 4*n + 78 + 105 = k. Calculate the highest common divisor of 399 and k.
57
Let h be ((-12)/10 + 0)/(15/(-300)). Calculate the highest common factor of 744 and h.
24
Let s(j) = j**2 + 14*j + 29. Let w be s(-17). What is the greatest common divisor of 1360 and w?
80
Let j = 59 + -24. Let r = -22 + j. Calculate the greatest common factor of 13 and r.
13
Suppose -4*f - 3*y = -39, -f + 2*y = 4*y - 6. Let m = f - 7. Suppose 0 = m*b - 4*b - 5. Calculate the greatest common factor of b and 15.
5
Let q(x) = -2*x**3 - 25*x**2 - 70*x - 39. Let f be q(-9). Let h be (-4)/6 - 436/(-6). Calculate the highest common factor of h and f.
24
Suppose 12*l + 165 = 2*j + 9*l, -l + 455 = 5*j. What is the greatest common divisor of 36 and j?
18
Let d(r) = 2*r**3 + 4*r**2 - 18*r + 79. Let t be d(8). Calculate the highest common divisor of t and 15.
15
Suppose -10*s + 14 = -3*s. Suppose s*q - 4*f = 53 + 135, 0 = 4*q + 4*f - 388. Let v be 6*16*(-2)/(-6). Calculate the highest common divisor of q and v.
32
Let v = 21 + -34. Let d = -13 - v. Suppose 2*t - 5*n = -d*t + 87, -3*n = -5*t + 265. What is the greatest common factor of t and 7?
7
Let i = 8 - 3. Let a = i - 3. Suppose -3*p + 8 = -a*p. What is the greatest common divisor of 56 and p?
8
Suppose 6 = 3*l, -4*x + 7*x - 50 = 5*l. Suppose 4*m + 104 = 5*i, -4*m - 20 = -i + 4. What is the highest common factor of i and x?
20
Suppose -3*o + 49 = 4*o. Let y = o + 55. Calculate the highest common factor of 124 and y.
62
Suppose 0 = 5*l + 5*a - 485, 71 = l - a - 18. Suppose 4*h = l + 195. What is the highest common factor of 9 and h?
9
Suppose -3*s = 4*p - 343, 2*p + 4*s = 59 + 105. Let g be (-4)/(-6)*(5 + 196). Let b = -112 + g. What is the highest common divisor of b and p?
22
Suppose -2*j = 4, 5*j - 58 = -2*c + 10*j. Calculate the greatest common factor of c and 696.
24
Let o = -4 - -29. Suppose -o = -y + 19. Calculate the highest common divisor of y and 4.
4
Let c(w) = 18*w**3 + w**2 - 4. Let b be -3*(-4)/12 - -2. Let g be c(b). Suppose 4*r - g - 169 = 0. What is the highest common factor of r and 15?
15
Suppose 8*g = -10*g + 14256. What is the greatest common divisor of 24 and g?
24
Let h(u) = u**2 + 9*u - 24. Suppose -l - 5*l - 72 = 0. Let k be h(l). Calculate the highest common factor of 24 and k.
12
Suppose 0 = -z - 2*z + 57. Let g = z + 7. What is the highest common divisor of g and 65?
13
Let n be -25*(-14)/2 - 0. Let y(g) = g**2 + g + 68. Let v be y(0). Let k = -43 + v. What is the highest common divisor of k and n?
25
Let i(j) = -39*j + 185. Let q be i(-14). Calculate the highest common factor of q and 17.
17
Suppose 0 = -w + 2*h + 7, 3*w - 1 = -w - h. Suppose 20 = 5*c, 2*f - c = -2*f - 24. Let p be (-2)/(-6) - f/3. What is the highest common divisor of p and w?
1
Let w(i) = -i**2 + 8*i + 4. Let j(d) = d**2 + 3*d - 4. Let r be j(2). Let f be w(r). Let y = f - 15. What is the highest common factor of y and 9?
1
Let w(v) = -v**3 + 5*v**2 - v + 6. Let c be w(5). Let k be c/(-2)*(-360)/10. What is the highest common factor of 27 and k?
9
Let b(c) = 3*c + 33. Let k be b(-11). Let w be -3 + (k - -10) + 0. Let v be (98/6)/(2/6). What is the highest common factor of v and w?
7
Let d = -18 + 25. Suppose -r - d = 30. Let t = r - -141. Calculate the highest common divisor of 26 and t.
26
Let n(x) = -x**2 + x + 5. Let v be n(5). Let z be (v/(-6))/(2/4). Suppose -56 = -4*w + 4*o + 24, 0 = 4*o - 20. Calculate the greatest common divisor of z and w.
5
Let y = -120 - -100. Let l be ((-13)/(260/96))/(3/y). Calculate the highest common divisor of 256 and l.
32
Let o be (-12)/(-5) + 12/(-30). Let c be 0 - 1 - (o + 27). Let h be (-3)/(-18) - 205/c. Calculate the greatest common divisor of 21 and h.
7
Suppose 3*y - 36 = 2*f, 6*y - y = 4*f + 60. Let j = -8812 + 8860